{"id":262,"date":"2022-03-18T13:37:25","date_gmt":"2022-03-18T12:37:25","guid":{"rendered":"http:\/\/rfcakqo.cluster031.hosting.ovh.net\/admin\/?page_id=262"},"modified":"2023-04-20T12:42:50","modified_gmt":"2023-04-20T10:42:50","slug":"capa-jardinier-paysagiste","status":"publish","type":"page","link":"https:\/\/mfr-reunion.re\/index.php\/capa-jardinier-paysagiste\/","title":{"rendered":"CAPa Jardinier Paysagiste"},"content":{"rendered":"\n<div class=\"wp-block-columns is-layout-flex wp-container-core-columns-is-layout-9d6595d7 wp-block-columns-is-layout-flex\">\n<div class=\"wp-block-column is-layout-flow wp-block-column-is-layout-flow\">\n<figure class=\"wp-block-image size-large is-resized\"><img loading=\"lazy\" decoding=\"async\" src=\"http:\/\/rfcakqo.cluster031.hosting.ovh.net\/admin\/wp-content\/uploads\/2022\/07\/fse-run-2-1024x717.png\" alt=\"\" class=\"wp-image-429\" width=\"243\" height=\"170\" srcset=\"https:\/\/mfr-reunion.re\/wp-content\/uploads\/2022\/07\/fse-run-2-1024x717.png 1024w, https:\/\/mfr-reunion.re\/wp-content\/uploads\/2022\/07\/fse-run-2-300x210.png 300w, https:\/\/mfr-reunion.re\/wp-content\/uploads\/2022\/07\/fse-run-2-768x538.png 768w, https:\/\/mfr-reunion.re\/wp-content\/uploads\/2022\/07\/fse-run-2-86x60.png 86w, https:\/\/mfr-reunion.re\/wp-content\/uploads\/2022\/07\/fse-run-2.png 1182w\" sizes=\"auto, (max-width: 243px) 100vw, 243px\" \/><\/figure>\n<\/div>\n\n\n\n<div class=\"wp-block-column is-layout-flow wp-block-column-is-layout-flow\">\n<figure class=\"wp-block-image size-full is-resized\"><img loading=\"lazy\" decoding=\"async\" src=\"http:\/\/rfcakqo.cluster031.hosting.ovh.net\/admin\/wp-content\/uploads\/2022\/07\/ue-2.jpg\" alt=\"\" class=\"wp-image-430\" width=\"201\" height=\"156\" srcset=\"https:\/\/mfr-reunion.re\/wp-content\/uploads\/2022\/07\/ue-2.jpg 160w, https:\/\/mfr-reunion.re\/wp-content\/uploads\/2022\/07\/ue-2-77x60.jpg 77w\" sizes=\"auto, (max-width: 201px) 100vw, 201px\" \/><\/figure>\n<\/div>\n\n\n\n<div class=\"wp-block-column is-layout-flow wp-block-column-is-layout-flow\">\n<p>Ce projet est cofinanc\u00e9 par le Fonds social europ\u00e9en<\/p>\n\n\n\n<p>dans le cadre du PO FSE <\/p>\n\n\n\n<p>La R\u00e9union 2014-2020<\/p>\n<\/div>\n<\/div>\n\n\n\n<p class=\"has-nv-dark-bg-color has-text-color has-medium-font-size\">Le CAPa Jardinier-Paysagiste est un dipl\u00f4me de niveau III d\u00e9livr\u00e9 par le Minist\u00e8re de l\u2019Agriculture.<\/p>\n\n\n\n<p class=\"has-nv-dark-bg-color has-text-color has-medium-font-size\">Le titulaire du CAPa Jardinier-Paysagiste exerce son activit\u00e9 dans le secteur de l\u2019am\u00e9nagement paysager. Il travaille avec le vivant, en plein air, au sein de collectivit\u00e9s publiques, d\u2019entreprises priv\u00e9es ou pour des particuliers. Il s\u00e8me les pelouses, plante les v\u00e9g\u00e9taux, pratique la taille et r\u00e9alise \u00e9galement des voies de circulation.<\/p>\n\n\n\n<h2 class=\"wp-block-heading\">OBJECTIFS<\/h2>\n\n\n\n<p class=\"has-nv-dark-bg-color has-text-color has-medium-font-size\">Cette formation a pour objectif l\u2019acquisition la qualification et les comp\u00e9tences n\u00e9cessaires \u00e0 l\u2019emploi d\u2019ouvrier qualifi\u00e9 en travaux paysagers :<\/p>\n\n\n\n<p class=\"has-nv-dark-bg-color has-text-color has-medium-font-size\">-Ma\u00eetrise des noms des v\u00e9g\u00e9taux et des exigences n\u00e9cessaires \u00e0 leur d\u00e9veloppement.<\/p>\n\n\n\n<p class=\"has-nv-dark-bg-color has-text-color has-medium-font-size\">-Ma\u00eetrise des techniques d\u2019entretien des v\u00e9g\u00e9taux.<\/p>\n\n\n\n<p class=\"has-nv-dark-bg-color has-text-color has-medium-font-size\">-Mise en \u0153uvre des m\u00e9thodes de plantation et d\u2019engazonnement<\/p>\n\n\n\n<p class=\"has-nv-dark-bg-color has-text-color has-medium-font-size\">-R\u00e9alisation des travaux de ma\u00e7onnerie paysag\u00e8re.<\/p>\n\n\n\n<p class=\"has-nv-dark-bg-color has-text-color has-medium-font-size\">-Adaptation \u00e0 des chantiers de cr\u00e9ation et d\u2019entretien pour r\u00e9aliser de la taille, du d\u00e9sherbage et de la tonte.<\/p>\n\n\n\n<h2 class=\"wp-block-heading\">CONTENU DE LA FORMATION (COMPETENCES &amp; APTITUDES)<\/h2>\n\n\n\n<p class=\"has-nv-dark-bg-color has-text-color has-medium-font-size\"><em>Les aptitudes sont d\u00e9velopp\u00e9es au sein du centre de formation et les comp\u00e9tences s\u2019acqui\u00e8rent lors des p\u00e9riodes de stages en entreprise.<\/em><\/p>\n\n\n\n<p class=\"has-nv-dark-bg-color has-text-color has-medium-font-size\">Modules d\u2019enseignement g\u00e9n\u00e9ral&nbsp;:<\/p>\n\n\n\n<p class=\"has-nv-dark-bg-color has-text-color has-medium-font-size\">Expression fran\u00e7aise et communication ; traitement de donn\u00e9es math\u00e9matiques ; EPS, sant\u00e9 et s\u00e9curit\u00e9 ; monde actuel.<\/p>\n\n\n\n<p class=\"has-nv-dark-bg-color has-text-color has-medium-font-size\">Modules d\u2019enseignement professionnel&nbsp;:<\/p>\n\n\n\n<p class=\"has-nv-dark-bg-color has-text-color has-medium-font-size\">-Techniques et pratiques professionnelles ; entreprise et vie professionnelle ; bases scientifiques des techniques professionnelles ; approfondissement professionnel.<\/p>\n\n\n\n<p class=\"has-nv-dark-bg-color has-text-color has-medium-font-size\">M\u00e9thodes mobilis\u00e9es:<\/p>\n\n\n\n<p class=\"has-nv-dark-bg-color has-text-color has-medium-font-size\">-Cours th\u00e9oriques et techniques en salle de formation.<\/p>\n\n\n\n<p class=\"has-nv-dark-bg-color has-text-color has-medium-font-size\">-Travaux pratiques.<\/p>\n\n\n\n<p class=\"has-nv-dark-bg-color has-text-color has-medium-font-size\">-Ateliers de d\u00e9couverte professionnelle et recherche de stage.<\/p>\n\n\n\n<p class=\"has-nv-dark-bg-color has-text-color has-medium-font-size\">-Ateliers sp\u00e9cifiques men\u00e9s par des intervenants ext\u00e9rieurs (m\u00e9canique, entretien des outils\u2026)<\/p>\n\n\n\n<h2 class=\"wp-block-heading\">CAPA JARDINIER PAYSAGISTE<\/h2>\n\n\n\n<p class=\"has-nv-dark-bg-color has-text-color has-medium-font-size\">Le CAPa Jardinier-Paysagiste est un dipl\u00f4me de niveau III d\u00e9livr\u00e9 par le Minist\u00e8re de l\u2019Agriculture.<\/p>\n\n\n\n<p class=\"has-nv-dark-bg-color has-text-color has-medium-font-size\">Le titulaire du CAPa Jardinier-Paysagiste exerce son activit\u00e9 dans le secteur de l\u2019am\u00e9nagement paysager. Il travaille avec le vivant, en plein air, au sein de collectivit\u00e9s publiques, d\u2019entreprises priv\u00e9es ou pour des particuliers. Il s\u00e8me les pelouses, plante les v\u00e9g\u00e9taux, pratique la taille et r\u00e9alise \u00e9galement des voies de circulation.<\/p>\n\n\n\n<h2 class=\"wp-block-heading\">OBJECTIFS<\/h2>\n\n\n\n<p class=\"has-nv-dark-bg-color has-text-color has-medium-font-size\">Cette formation a pour objectif l\u2019acquisition la qualification et les comp\u00e9tences n\u00e9cessaires \u00e0 l\u2019emploi d\u2019ouvrier qualifi\u00e9 en travaux paysagers :<\/p>\n\n\n\n<p class=\"has-nv-dark-bg-color has-text-color has-medium-font-size\">-Ma\u00eetrise des noms des v\u00e9g\u00e9taux et des exigences n\u00e9cessaires \u00e0 leur d\u00e9veloppement.<\/p>\n\n\n\n<p class=\"has-nv-dark-bg-color has-text-color has-medium-font-size\">-Ma\u00eetrise des techniques d\u2019entretien des v\u00e9g\u00e9taux.<\/p>\n\n\n\n<p class=\"has-nv-dark-bg-color has-text-color has-medium-font-size\">-Mise en \u0153uvre des m\u00e9thodes de plantation et d\u2019engazonnement<\/p>\n\n\n\n<p class=\"has-nv-dark-bg-color has-text-color has-medium-font-size\">-R\u00e9alisation des travaux de ma\u00e7onnerie paysag\u00e8re.<\/p>\n\n\n\n<p class=\"has-nv-dark-bg-color has-text-color has-medium-font-size\">-Adaptation \u00e0 des chantiers de cr\u00e9ation et d\u2019entretien pour r\u00e9aliser de la taille, du d\u00e9sherbage et de la tonte.<\/p>\n\n\n\n<h2 class=\"wp-block-heading\">CONTENU DE LA FORMATION (COMPETENCES &amp; APTITUDES)<\/h2>\n\n\n\n<p class=\"has-nv-dark-bg-color has-text-color has-medium-font-size\"><em>Les aptitudes sont d\u00e9velopp\u00e9es au sein du centre de formation et les comp\u00e9tences s\u2019acqui\u00e8rent lors des p\u00e9riodes de stages en entreprise.<\/em><\/p>\n\n\n\n<p class=\"has-nv-dark-bg-color has-text-color has-medium-font-size\">Modules d\u2019enseignement g\u00e9n\u00e9ral&nbsp;:<\/p>\n\n\n\n<p class=\"has-nv-dark-bg-color has-text-color has-medium-font-size\">Expression fran\u00e7aise et communication ; traitement de donn\u00e9es math\u00e9matiques ; EPS, sant\u00e9 et s\u00e9curit\u00e9 ; monde actuel.<\/p>\n\n\n\n<p class=\"has-nv-dark-bg-color has-text-color has-medium-font-size\">Modules d\u2019enseignement professionnel&nbsp;:<\/p>\n\n\n\n<p class=\"has-nv-dark-bg-color has-text-color has-medium-font-size\">-Techniques et pratiques professionnelles ; entreprise et vie professionnelle ; bases scientifiques des techniques professionnelles ; approfondissement professionnel.<\/p>\n\n\n\n<p class=\"has-nv-dark-bg-color has-text-color has-medium-font-size\">M\u00e9thodes mobilis\u00e9es:<\/p>\n\n\n\n<p class=\"has-nv-dark-bg-color has-text-color has-medium-font-size\">-Cours th\u00e9oriques et techniques en salle de formation.<\/p>\n\n\n\n<p class=\"has-nv-dark-bg-color has-text-color has-medium-font-size\">-Travaux pratiques.<\/p>\n\n\n\n<p class=\"has-nv-dark-bg-color has-text-color has-medium-font-size\">-Ateliers de d\u00e9couverte professionnelle et recherche de stage.<\/p>\n\n\n\n<p class=\"has-nv-dark-bg-color has-text-color has-medium-font-size\">-Ateliers sp\u00e9cifiques men\u00e9s par des intervenants ext\u00e9rieurs (m\u00e9canique, entretien des outils\u2026)<\/p>\n\n\n\n<h2 class=\"wp-block-heading\">MODALITES D\u2019EVALUATION<\/h2>\n\n\n\n<p class=\"has-nv-dark-bg-color has-text-color has-medium-font-size\">La validation du CAPa s\u2019effectue selon deux modalit\u00e9s distinctes :<\/p>\n\n\n\n<p class=\"has-nv-dark-bg-color has-text-color has-medium-font-size\">-80% sous forme de contr\u00f4le continu en cours de formation.<\/p>\n\n\n\n<p class=\"has-nv-dark-bg-color has-text-color has-medium-font-size\">-20% au cours des \u00e9preuves terminales<\/p>\n\n\n\n<div class=\"wp-block-columns is-layout-flex wp-container-core-columns-is-layout-9d6595d7 wp-block-columns-is-layout-flex\">\n<div class=\"wp-block-column is-layout-flow wp-block-column-is-layout-flow\">\n<h2 class=\"wp-block-heading\">M\u00c9TIERS VIS\u00c9S &amp; D\u00c9BOUCHES POSSIBLES<\/h2>\n\n\n\n<p class=\"has-nv-dark-bg-color has-text-color has-medium-font-size\">Le CAPa d\u00e9bouche sur la vie active (agent paysagiste ; ouvrier paysagiste ; jardinier qualifi\u00e9 en parc priv\u00e9) mais il est \u00e9galement possible, sous certaines conditions, de poursuivre sa formation (Technicien Jardins-Espaces-Verts, jardinier de golf et entretien de sols sportifs engazonn\u00e9s, CS taille et soin des arbres, Bac pro am\u00e9nagements paysagers\u2026).<\/p>\n<\/div>\n\n\n\n<div class=\"wp-block-column is-layout-flow wp-block-column-is-layout-flow\">\n<h2 class=\"wp-block-heading\">SUITE DE PARCOURS<\/h2>\n\n\n\n<p class=\"has-nv-dark-bg-color has-text-color has-medium-font-size\">Le CAPa d\u00e9bouche sur la vie active (agent paysagiste ; ouvrier paysagiste ; jardinier qualifi\u00e9 en parc priv\u00e9) mais il est \u00e9galement possible, sous certaines conditions, de poursuivre sa formation (CS jardinier de golf et entretien de sols sportifs engazonn\u00e9s, CS taille et soin des arbres, Bac pro am\u00e9nagements paysagers, Technicien Jardins-Espaces-Verts \u2026).<\/p>\n\n\n\n<p><\/p>\n<\/div>\n<\/div>\n\n\n\n<h2 class=\"wp-block-heading\">ORIENTATION<\/h2>\n\n\n\n<p class=\"has-nv-dark-bg-color has-text-color has-medium-font-size\">Etre issu :D&rsquo;une classe de 3\u00e8me<\/p>\n\n\n\n<h2 class=\"wp-block-heading\">CONDITIONS D&rsquo;ADMISSION<\/h2>\n\n\n\n<p class=\"has-nv-dark-bg-color has-text-color has-medium-font-size\">PUBLIC CONCERNE ET PRE-REQUIS<br>-\u00catre \u00e2g\u00e9 de 16 \u00e0 29 ans ou avoir 15 ans et sortir d\u2019une classe de 3\u00e8me.<br>-Disposer des capacit\u00e9s physiques requises.<br>-Faire preuve de s\u00e9rieux et de motivation.<\/p>\n\n\n\n<h2 class=\"wp-block-heading\">RECRUTEMENT<\/h2>\n\n\n\n<p class=\"has-nv-dark-bg-color has-text-color has-medium-font-size\">La Maison Familiale offre la possibilit\u00e9 de d\u00e9couvrir les formations et de rencontrer un membre de l&rsquo;\u00e9quipe des formateurs pour \u00e9changer sur leur parcours par le biais des Portes Ouvertes.<br>Elle permet de faire visiter les locaux et de pr\u00e9senter le fonctionnement des Maisons Familiales.<\/p>\n\n\n\n<h2 class=\"wp-block-heading\">SUITE DE PARCOURS<\/h2>\n\n\n\n<p class=\"has-nv-dark-bg-color has-text-color has-medium-font-size\">Le CAPa d\u00e9bouche sur la vie active (agent paysagiste ; ouvrier paysagiste ; jardinier qualifi\u00e9 en parc priv\u00e9) mais il est \u00e9galement possible, sous certaines conditions, de poursuivre sa formation (CS jardinier de golf et entretien de sols sportifs engazonn\u00e9s, CS taille et soin des arbres, Bac pro am\u00e9nagements paysagers, Technicien Jardins-Espaces-Verts \u2026).<\/p>\n\n\n\n<h2 class=\"wp-block-heading\">DISPONIBLE A LA MFR DE :<\/h2>\n\n\n\n<div class=\"wp-block-columns is-layout-flex wp-container-core-columns-is-layout-9d6595d7 wp-block-columns-is-layout-flex\">\n<div class=\"wp-block-column is-layout-flow wp-block-column-is-layout-flow\">\n<figure class=\"wp-block-image size-full\"><img loading=\"lazy\" decoding=\"async\" width=\"300\" height=\"281\" src=\"http:\/\/rfcakqo.cluster031.hosting.ovh.net\/admin\/wp-content\/uploads\/2022\/03\/stp.jpg\" alt=\"\" class=\"wp-image-255\"\/><\/figure>\n<\/div>\n\n\n\n<div class=\"wp-block-column is-layout-flow wp-block-column-is-layout-flow\">\n<div class=\"wp-block-buttons is-layout-flex wp-block-buttons-is-layout-flex\">\n<div class=\"wp-block-button is-style-primary\"><a class=\"wp-block-button__link wp-element-button\" href=\"https:\/\/forms.office.com\/Pages\/ResponsePage.aspx?id=DYRf5BtVrUeqsCQKkMRahwYido5JvXBMkNfn3LHo369UQ0czSDVZR0RDSlUwUlkxUlpOVlYzUkw0Ny4u\">CLIQUEZ-ICI ET REMPLIR LE FORMULAIRE<\/a><\/div>\n<\/div>\n<\/div>\n<\/div>\n","protected":false},"excerpt":{"rendered":"<p>Ce projet est cofinanc\u00e9 par le Fonds social europ\u00e9en dans le cadre du PO FSE La R\u00e9union 2014-2020 Le CAPa Jardinier-Paysagiste est un dipl\u00f4me de niveau III d\u00e9livr\u00e9 par le Minist\u00e8re de l\u2019Agriculture. Le titulaire du CAPa Jardinier-Paysagiste exerce son activit\u00e9 dans le secteur de l\u2019am\u00e9nagement paysager. Il travaille avec le vivant, en plein air, &hellip; <\/p>\n","protected":false},"author":1,"featured_media":0,"parent":0,"menu_order":0,"comment_status":"closed","ping_status":"closed","template":"","meta":{"footnotes":""},"class_list":["post-262","page","type-page","status-publish","hentry"],"yoast_head":"<!-- This site is optimized with the Yoast SEO plugin v18.1 - https:\/\/yoast.com\/wordpress\/plugins\/seo\/ -->\n<title>CAPa Jardinier Paysagiste - Les MFR DE LA REUNION<\/title>\n<meta name=\"robots\" content=\"index, follow, max-snippet:-1, max-image-preview:large, max-video-preview:-1\" \/>\n<link rel=\"canonical\" href=\"https:\/\/mfr-reunion.re\/index.php\/capa-jardinier-paysagiste\/\" \/>\n<meta property=\"og:locale\" content=\"fr_FR\" \/>\n<meta property=\"og:type\" content=\"article\" \/>\n<meta property=\"og:title\" content=\"CAPa Jardinier Paysagiste - Les MFR DE LA REUNION\" \/>\n<meta property=\"og:description\" content=\"Ce projet est cofinanc\u00e9 par le Fonds social europ\u00e9en dans le cadre du PO FSE La R\u00e9union 2014-2020 Le CAPa Jardinier-Paysagiste est un dipl\u00f4me de niveau III d\u00e9livr\u00e9 par le Minist\u00e8re de l\u2019Agriculture. Le titulaire du CAPa Jardinier-Paysagiste exerce son activit\u00e9 dans le secteur de l\u2019am\u00e9nagement paysager. Il travaille avec le vivant, en plein air, &hellip;\" \/>\n<meta property=\"og:url\" content=\"https:\/\/mfr-reunion.re\/index.php\/capa-jardinier-paysagiste\/\" \/>\n<meta property=\"og:site_name\" content=\"Les MFR DE LA REUNION\" \/>\n<meta property=\"article:modified_time\" content=\"2023-04-20T10:42:50+00:00\" \/>\n<meta property=\"og:image\" content=\"http:\/\/rfcakqo.cluster031.hosting.ovh.net\/admin\/wp-content\/uploads\/2022\/07\/fse-run-2-1024x717.png\" \/>\n<meta name=\"twitter:card\" content=\"summary_large_image\" \/>\n<meta name=\"twitter:label1\" content=\"Dur\u00e9e de lecture estim\u00e9e\" \/>\n\t<meta name=\"twitter:data1\" content=\"5 minutes\" \/>\n<script type=\"application\/ld+json\" class=\"yoast-schema-graph\">{\"@context\":\"https:\/\/schema.org\",\"@graph\":[{\"@type\":\"WebSite\",\"@id\":\"https:\/\/mfr-reunion.re\/#website\",\"url\":\"https:\/\/mfr-reunion.re\/\",\"name\":\"Les MFR DE LA REUNION\",\"description\":\"\",\"potentialAction\":[{\"@type\":\"SearchAction\",\"target\":{\"@type\":\"EntryPoint\",\"urlTemplate\":\"https:\/\/mfr-reunion.re\/?s={search_term_string}\"},\"query-input\":\"required name=search_term_string\"}],\"inLanguage\":\"fr-FR\"},{\"@type\":\"ImageObject\",\"@id\":\"https:\/\/mfr-reunion.re\/index.php\/capa-jardinier-paysagiste\/#primaryimage\",\"inLanguage\":\"fr-FR\",\"url\":\"http:\/\/rfcakqo.cluster031.hosting.ovh.net\/admin\/wp-content\/uploads\/2022\/07\/fse-run-2-1024x717.png\",\"contentUrl\":\"http:\/\/rfcakqo.cluster031.hosting.ovh.net\/admin\/wp-content\/uploads\/2022\/07\/fse-run-2-1024x717.png\"},{\"@type\":\"WebPage\",\"@id\":\"https:\/\/mfr-reunion.re\/index.php\/capa-jardinier-paysagiste\/#webpage\",\"url\":\"https:\/\/mfr-reunion.re\/index.php\/capa-jardinier-paysagiste\/\",\"name\":\"CAPa Jardinier Paysagiste - Les MFR DE LA REUNION\",\"isPartOf\":{\"@id\":\"https:\/\/mfr-reunion.re\/#website\"},\"primaryImageOfPage\":{\"@id\":\"https:\/\/mfr-reunion.re\/index.php\/capa-jardinier-paysagiste\/#primaryimage\"},\"datePublished\":\"2022-03-18T12:37:25+00:00\",\"dateModified\":\"2023-04-20T10:42:50+00:00\",\"breadcrumb\":{\"@id\":\"https:\/\/mfr-reunion.re\/index.php\/capa-jardinier-paysagiste\/#breadcrumb\"},\"inLanguage\":\"fr-FR\",\"potentialAction\":[{\"@type\":\"ReadAction\",\"target\":[\"https:\/\/mfr-reunion.re\/index.php\/capa-jardinier-paysagiste\/\"]}]},{\"@type\":\"BreadcrumbList\",\"@id\":\"https:\/\/mfr-reunion.re\/index.php\/capa-jardinier-paysagiste\/#breadcrumb\",\"itemListElement\":[{\"@type\":\"ListItem\",\"position\":1,\"name\":\"Accueil\",\"item\":\"https:\/\/mfr-reunion.re\/\"},{\"@type\":\"ListItem\",\"position\":2,\"name\":\"CAPa Jardinier Paysagiste\"}]}]}<\/script>\n<!-- \/ Yoast SEO plugin. -->","yoast_head_json":{"title":"CAPa Jardinier Paysagiste - Les MFR DE LA REUNION","robots":{"index":"index","follow":"follow","max-snippet":"max-snippet:-1","max-image-preview":"max-image-preview:large","max-video-preview":"max-video-preview:-1"},"canonical":"https:\/\/mfr-reunion.re\/index.php\/capa-jardinier-paysagiste\/","og_locale":"fr_FR","og_type":"article","og_title":"CAPa Jardinier Paysagiste - Les MFR DE LA REUNION","og_description":"Ce projet est cofinanc\u00e9 par le Fonds social europ\u00e9en dans le cadre du PO FSE La R\u00e9union 2014-2020 Le CAPa Jardinier-Paysagiste est un dipl\u00f4me de niveau III d\u00e9livr\u00e9 par le Minist\u00e8re de l\u2019Agriculture. Le titulaire du CAPa Jardinier-Paysagiste exerce son activit\u00e9 dans le secteur de l\u2019am\u00e9nagement paysager. Il travaille avec le vivant, en plein air, &hellip;","og_url":"https:\/\/mfr-reunion.re\/index.php\/capa-jardinier-paysagiste\/","og_site_name":"Les MFR DE LA REUNION","article_modified_time":"2023-04-20T10:42:50+00:00","og_image":[{"url":"http:\/\/rfcakqo.cluster031.hosting.ovh.net\/admin\/wp-content\/uploads\/2022\/07\/fse-run-2-1024x717.png"}],"twitter_card":"summary_large_image","twitter_misc":{"Dur\u00e9e de lecture estim\u00e9e":"5 minutes"},"schema":{"@context":"https:\/\/schema.org","@graph":[{"@type":"WebSite","@id":"https:\/\/mfr-reunion.re\/#website","url":"https:\/\/mfr-reunion.re\/","name":"Les MFR DE LA REUNION","description":"","potentialAction":[{"@type":"SearchAction","target":{"@type":"EntryPoint","urlTemplate":"https:\/\/mfr-reunion.re\/?s={search_term_string}"},"query-input":"required name=search_term_string"}],"inLanguage":"fr-FR"},{"@type":"ImageObject","@id":"https:\/\/mfr-reunion.re\/index.php\/capa-jardinier-paysagiste\/#primaryimage","inLanguage":"fr-FR","url":"http:\/\/rfcakqo.cluster031.hosting.ovh.net\/admin\/wp-content\/uploads\/2022\/07\/fse-run-2-1024x717.png","contentUrl":"http:\/\/rfcakqo.cluster031.hosting.ovh.net\/admin\/wp-content\/uploads\/2022\/07\/fse-run-2-1024x717.png"},{"@type":"WebPage","@id":"https:\/\/mfr-reunion.re\/index.php\/capa-jardinier-paysagiste\/#webpage","url":"https:\/\/mfr-reunion.re\/index.php\/capa-jardinier-paysagiste\/","name":"CAPa Jardinier Paysagiste - Les MFR DE LA REUNION","isPartOf":{"@id":"https:\/\/mfr-reunion.re\/#website"},"primaryImageOfPage":{"@id":"https:\/\/mfr-reunion.re\/index.php\/capa-jardinier-paysagiste\/#primaryimage"},"datePublished":"2022-03-18T12:37:25+00:00","dateModified":"2023-04-20T10:42:50+00:00","breadcrumb":{"@id":"https:\/\/mfr-reunion.re\/index.php\/capa-jardinier-paysagiste\/#breadcrumb"},"inLanguage":"fr-FR","potentialAction":[{"@type":"ReadAction","target":["https:\/\/mfr-reunion.re\/index.php\/capa-jardinier-paysagiste\/"]}]},{"@type":"BreadcrumbList","@id":"https:\/\/mfr-reunion.re\/index.php\/capa-jardinier-paysagiste\/#breadcrumb","itemListElement":[{"@type":"ListItem","position":1,"name":"Accueil","item":"https:\/\/mfr-reunion.re\/"},{"@type":"ListItem","position":2,"name":"CAPa Jardinier Paysagiste"}]}]}},"_links":{"self":[{"href":"https:\/\/mfr-reunion.re\/index.php\/wp-json\/wp\/v2\/pages\/262","targetHints":{"allow":["GET"]}}],"collection":[{"href":"https:\/\/mfr-reunion.re\/index.php\/wp-json\/wp\/v2\/pages"}],"about":[{"href":"https:\/\/mfr-reunion.re\/index.php\/wp-json\/wp\/v2\/types\/page"}],"author":[{"embeddable":true,"href":"https:\/\/mfr-reunion.re\/index.php\/wp-json\/wp\/v2\/users\/1"}],"replies":[{"embeddable":true,"href":"https:\/\/mfr-reunion.re\/index.php\/wp-json\/wp\/v2\/comments?post=262"}],"version-history":[{"count":7,"href":"https:\/\/mfr-reunion.re\/index.php\/wp-json\/wp\/v2\/pages\/262\/revisions"}],"predecessor-version":[{"id":516,"href":"https:\/\/mfr-reunion.re\/index.php\/wp-json\/wp\/v2\/pages\/262\/revisions\/516"}],"wp:attachment":[{"href":"https:\/\/mfr-reunion.re\/index.php\/wp-json\/wp\/v2\/media?parent=262"}],"curies":[{"name":"wp","href":"https:\/\/api.w.org\/{rel}","templated":true}]}}