{"id":365,"date":"2022-07-26T11:42:08","date_gmt":"2022-07-26T09:42:08","guid":{"rendered":"http:\/\/rfcakqo.cluster031.hosting.ovh.net\/admin\/?page_id=365"},"modified":"2022-07-26T11:42:09","modified_gmt":"2022-07-26T09:42:09","slug":"un-mouvement-educatif","status":"publish","type":"page","link":"https:\/\/mfr-reunion.re\/index.php\/un-mouvement-educatif\/","title":{"rendered":"UN MOUVEMENT \u00c9DUCATIF"},"content":{"rendered":"\n<p>Les Maisons familiales rurales vont, peu \u00e0 peu au cours de leur histoire, concevoir un syst\u00e8me \u00e9ducatif qui permet d\u2019appr\u00e9hender les personnes en formation dans toutes leurs dimensions.<\/p>\n\n\n\n<p>Apr\u00e8s avoir mis en \u0153uvre, les premi\u00e8res ann\u00e9es, de fa\u00e7on empirique, une alternance de stages et de s\u00e9jours \u00e0 l\u2019\u00e9cole, elles vont pr\u00e9ciser leur approche p\u00e9dagogique largement inspir\u00e9e des th\u00e9ories de \u00ab l\u2019\u00c9cole nouvelle \u00bb dans le sens o\u00f9 les apprentissages, avant d&rsquo;\u00eatre une accumulation de connaissances, doivent \u00eatre, pour elles, un facteur de d\u00e9veloppement global des individus.<\/p>\n\n\n\n<p>Elles s\u2019appuient, pour atteindre ces objectifs, sur les exp\u00e9rience en situation professionnelle en vraie grandeur, des activit\u00e9s p\u00e9dagogiques permettant de lier les temps en milieu professionnel et familial et les temps \u00e0 l\u2019\u00e9cole, une formation professionnelle et une formation g\u00e9n\u00e9rale \u00e9troitement associ\u00e9e, la prise en compte de l\u2019environnement des personnes, la production de savoirs, la valorisation de tous les talents, l\u2019absence de comp\u00e9tition et de s\u00e9lection scolaire\u2026Ainsi, mod\u00e8le alternatif \u00e0 l\u2019institution scolaire traditionnelle, les Maisons familiales rurales d\u00e9montrent largement qu\u2019il est possible de concevoir un syst\u00e8me de formation qui r\u00e9unit l\u2019univers de l\u2019\u00e9cole et les espaces familiaux, professionnels et culturels.<\/p>\n\n\n\n<p>Tout cela n\u2019aurait pas \u00e9t\u00e9 possible sans l\u2019invention d\u2019une p\u00e9dagogie adapt\u00e9e : l\u2019alternance. Mais l\u2019alternance n\u2019est pas une formule magique ou un simple slogan. Elle n\u00e9cessite d\u2019associer, dans une m\u00eame dynamique \u00e9ducative, diff\u00e9rents lieux qui trop souvent s\u2019ignorent, la famille, les loisirs, l\u2019\u00e9cole, le monde du travail, et d\u2019avoir la volont\u00e9 de mobiliser, hors et dans l\u2019\u00e9cole, autour du m\u00eame but, tous les adultes que rencontre un jeune au cours de son projet de formation.<\/p>\n","protected":false},"excerpt":{"rendered":"<p>Les Maisons familiales rurales vont, peu \u00e0 peu au cours de leur histoire, concevoir un syst\u00e8me \u00e9ducatif qui permet d\u2019appr\u00e9hender les personnes en formation dans toutes leurs dimensions. Apr\u00e8s avoir mis en \u0153uvre, les premi\u00e8res ann\u00e9es, de fa\u00e7on empirique, une alternance de stages et de s\u00e9jours \u00e0 l\u2019\u00e9cole, elles vont pr\u00e9ciser leur approche p\u00e9dagogique largement &hellip; <\/p>\n","protected":false},"author":1,"featured_media":0,"parent":0,"menu_order":0,"comment_status":"closed","ping_status":"closed","template":"","meta":{"footnotes":""},"class_list":["post-365","page","type-page","status-publish","hentry"],"yoast_head":"<!-- This site is optimized with the Yoast SEO plugin v18.1 - https:\/\/yoast.com\/wordpress\/plugins\/seo\/ -->\n<title>UN MOUVEMENT \u00c9DUCATIF - Les MFR DE LA REUNION<\/title>\n<meta name=\"robots\" content=\"index, follow, max-snippet:-1, max-image-preview:large, max-video-preview:-1\" \/>\n<link rel=\"canonical\" href=\"https:\/\/mfr-reunion.re\/index.php\/un-mouvement-educatif\/\" \/>\n<meta property=\"og:locale\" content=\"fr_FR\" \/>\n<meta property=\"og:type\" content=\"article\" \/>\n<meta property=\"og:title\" content=\"UN MOUVEMENT \u00c9DUCATIF - Les MFR DE LA REUNION\" \/>\n<meta property=\"og:description\" content=\"Les Maisons familiales rurales vont, peu \u00e0 peu au cours de leur histoire, concevoir un syst\u00e8me \u00e9ducatif qui permet d\u2019appr\u00e9hender les personnes en formation dans toutes leurs dimensions. Apr\u00e8s avoir mis en \u0153uvre, les premi\u00e8res ann\u00e9es, de fa\u00e7on empirique, une alternance de stages et de s\u00e9jours \u00e0 l\u2019\u00e9cole, elles vont pr\u00e9ciser leur approche p\u00e9dagogique largement &hellip;\" \/>\n<meta property=\"og:url\" content=\"https:\/\/mfr-reunion.re\/index.php\/un-mouvement-educatif\/\" \/>\n<meta property=\"og:site_name\" content=\"Les MFR DE LA REUNION\" \/>\n<meta property=\"article:modified_time\" content=\"2022-07-26T09:42:09+00:00\" \/>\n<meta name=\"twitter:card\" content=\"summary_large_image\" \/>\n<meta name=\"twitter:label1\" content=\"Dur\u00e9e de lecture estim\u00e9e\" \/>\n\t<meta name=\"twitter:data1\" content=\"2 minutes\" \/>\n<script type=\"application\/ld+json\" class=\"yoast-schema-graph\">{\"@context\":\"https:\/\/schema.org\",\"@graph\":[{\"@type\":\"WebSite\",\"@id\":\"https:\/\/mfr-reunion.re\/#website\",\"url\":\"https:\/\/mfr-reunion.re\/\",\"name\":\"Les MFR DE LA REUNION\",\"description\":\"\",\"potentialAction\":[{\"@type\":\"SearchAction\",\"target\":{\"@type\":\"EntryPoint\",\"urlTemplate\":\"https:\/\/mfr-reunion.re\/?s={search_term_string}\"},\"query-input\":\"required name=search_term_string\"}],\"inLanguage\":\"fr-FR\"},{\"@type\":\"WebPage\",\"@id\":\"https:\/\/mfr-reunion.re\/index.php\/un-mouvement-educatif\/#webpage\",\"url\":\"https:\/\/mfr-reunion.re\/index.php\/un-mouvement-educatif\/\",\"name\":\"UN MOUVEMENT \u00c9DUCATIF - Les MFR DE LA REUNION\",\"isPartOf\":{\"@id\":\"https:\/\/mfr-reunion.re\/#website\"},\"datePublished\":\"2022-07-26T09:42:08+00:00\",\"dateModified\":\"2022-07-26T09:42:09+00:00\",\"breadcrumb\":{\"@id\":\"https:\/\/mfr-reunion.re\/index.php\/un-mouvement-educatif\/#breadcrumb\"},\"inLanguage\":\"fr-FR\",\"potentialAction\":[{\"@type\":\"ReadAction\",\"target\":[\"https:\/\/mfr-reunion.re\/index.php\/un-mouvement-educatif\/\"]}]},{\"@type\":\"BreadcrumbList\",\"@id\":\"https:\/\/mfr-reunion.re\/index.php\/un-mouvement-educatif\/#breadcrumb\",\"itemListElement\":[{\"@type\":\"ListItem\",\"position\":1,\"name\":\"Accueil\",\"item\":\"https:\/\/mfr-reunion.re\/\"},{\"@type\":\"ListItem\",\"position\":2,\"name\":\"UN MOUVEMENT \u00c9DUCATIF\"}]}]}<\/script>\n<!-- \/ Yoast SEO plugin. -->","yoast_head_json":{"title":"UN MOUVEMENT \u00c9DUCATIF - Les MFR DE LA REUNION","robots":{"index":"index","follow":"follow","max-snippet":"max-snippet:-1","max-image-preview":"max-image-preview:large","max-video-preview":"max-video-preview:-1"},"canonical":"https:\/\/mfr-reunion.re\/index.php\/un-mouvement-educatif\/","og_locale":"fr_FR","og_type":"article","og_title":"UN MOUVEMENT \u00c9DUCATIF - Les MFR DE LA REUNION","og_description":"Les Maisons familiales rurales vont, peu \u00e0 peu au cours de leur histoire, concevoir un syst\u00e8me \u00e9ducatif qui permet d\u2019appr\u00e9hender les personnes en formation dans toutes leurs dimensions. Apr\u00e8s avoir mis en \u0153uvre, les premi\u00e8res ann\u00e9es, de fa\u00e7on empirique, une alternance de stages et de s\u00e9jours \u00e0 l\u2019\u00e9cole, elles vont pr\u00e9ciser leur approche p\u00e9dagogique largement &hellip;","og_url":"https:\/\/mfr-reunion.re\/index.php\/un-mouvement-educatif\/","og_site_name":"Les MFR DE LA REUNION","article_modified_time":"2022-07-26T09:42:09+00:00","twitter_card":"summary_large_image","twitter_misc":{"Dur\u00e9e de lecture estim\u00e9e":"2 minutes"},"schema":{"@context":"https:\/\/schema.org","@graph":[{"@type":"WebSite","@id":"https:\/\/mfr-reunion.re\/#website","url":"https:\/\/mfr-reunion.re\/","name":"Les MFR DE LA REUNION","description":"","potentialAction":[{"@type":"SearchAction","target":{"@type":"EntryPoint","urlTemplate":"https:\/\/mfr-reunion.re\/?s={search_term_string}"},"query-input":"required name=search_term_string"}],"inLanguage":"fr-FR"},{"@type":"WebPage","@id":"https:\/\/mfr-reunion.re\/index.php\/un-mouvement-educatif\/#webpage","url":"https:\/\/mfr-reunion.re\/index.php\/un-mouvement-educatif\/","name":"UN MOUVEMENT \u00c9DUCATIF - Les MFR DE LA REUNION","isPartOf":{"@id":"https:\/\/mfr-reunion.re\/#website"},"datePublished":"2022-07-26T09:42:08+00:00","dateModified":"2022-07-26T09:42:09+00:00","breadcrumb":{"@id":"https:\/\/mfr-reunion.re\/index.php\/un-mouvement-educatif\/#breadcrumb"},"inLanguage":"fr-FR","potentialAction":[{"@type":"ReadAction","target":["https:\/\/mfr-reunion.re\/index.php\/un-mouvement-educatif\/"]}]},{"@type":"BreadcrumbList","@id":"https:\/\/mfr-reunion.re\/index.php\/un-mouvement-educatif\/#breadcrumb","itemListElement":[{"@type":"ListItem","position":1,"name":"Accueil","item":"https:\/\/mfr-reunion.re\/"},{"@type":"ListItem","position":2,"name":"UN MOUVEMENT \u00c9DUCATIF"}]}]}},"_links":{"self":[{"href":"https:\/\/mfr-reunion.re\/index.php\/wp-json\/wp\/v2\/pages\/365","targetHints":{"allow":["GET"]}}],"collection":[{"href":"https:\/\/mfr-reunion.re\/index.php\/wp-json\/wp\/v2\/pages"}],"about":[{"href":"https:\/\/mfr-reunion.re\/index.php\/wp-json\/wp\/v2\/types\/page"}],"author":[{"embeddable":true,"href":"https:\/\/mfr-reunion.re\/index.php\/wp-json\/wp\/v2\/users\/1"}],"replies":[{"embeddable":true,"href":"https:\/\/mfr-reunion.re\/index.php\/wp-json\/wp\/v2\/comments?post=365"}],"version-history":[{"count":1,"href":"https:\/\/mfr-reunion.re\/index.php\/wp-json\/wp\/v2\/pages\/365\/revisions"}],"predecessor-version":[{"id":367,"href":"https:\/\/mfr-reunion.re\/index.php\/wp-json\/wp\/v2\/pages\/365\/revisions\/367"}],"wp:attachment":[{"href":"https:\/\/mfr-reunion.re\/index.php\/wp-json\/wp\/v2\/media?parent=365"}],"curies":[{"name":"wp","href":"https:\/\/api.w.org\/{rel}","templated":true}]}}