{"id":68,"date":"2022-02-14T14:47:27","date_gmt":"2022-02-14T13:47:27","guid":{"rendered":"http:\/\/rfcakqo.cluster031.hosting.ovh.net\/admin\/?page_id=68"},"modified":"2022-03-11T08:08:16","modified_gmt":"2022-03-11T07:08:16","slug":"le-tampon","status":"publish","type":"page","link":"https:\/\/mfr-reunion.re\/index.php\/le-tampon\/","title":{"rendered":"LE TAMPON"},"content":{"rendered":"\n<h2 class=\"wp-block-heading\">La premi\u00e8re Maison Familiale Rurale \u00e0 la R\u00e9union<\/h2>\n\n\n\n<div class=\"wp-block-columns is-layout-flex wp-container-core-columns-is-layout-9d6595d7 wp-block-columns-is-layout-flex\">\n<div class=\"wp-block-column is-layout-flow wp-block-column-is-layout-flow\">\n<figure class=\"wp-block-gallery has-nested-images columns-default is-cropped wp-block-gallery-1 is-layout-flex wp-block-gallery-is-layout-flex\">\n<figure class=\"wp-block-image size-large\"><img loading=\"lazy\" decoding=\"async\" width=\"474\" height=\"316\" data-id=\"177\" src=\"http:\/\/rfcakqo.cluster031.hosting.ovh.net\/admin\/wp-content\/uploads\/2022\/03\/entree-tampon.jpg\" alt=\"\" class=\"wp-image-177\" srcset=\"https:\/\/mfr-reunion.re\/wp-content\/uploads\/2022\/03\/entree-tampon.jpg 474w, https:\/\/mfr-reunion.re\/wp-content\/uploads\/2022\/03\/entree-tampon-300x200.jpg 300w\" sizes=\"auto, (max-width: 474px) 100vw, 474px\" \/><\/figure>\n<\/figure>\n<\/div>\n\n\n\n<div class=\"wp-block-column is-layout-flow wp-block-column-is-layout-flow\">\n<p class=\"has-nv-dark-bg-color has-text-color has-medium-font-size\">1964 A la demande du d\u00e9put\u00e9 M. Michel DEBRE (d\u00e9put\u00e9 de la pr\u00e9fecture et de la direction des services agricoles) M CHARPENTIER est envoy\u00e9 \u00e0 la R\u00e9union par l\u2019Union Nationale afin d\u2019\u00e9tudier les possibilit\u00e9s d\u2019implantation d\u2019une Maison Familiale. Apr\u00e8s \u00e9tudes et de nombreuses discussions avec des personnalit\u00e9s officielles, le lieu choisi pour tenter cette exp\u00e9rience est le TAMPON.&nbsp; La Maison Familiale Rurale voit le jour.<\/p>\n\n\n\n<p class=\"has-nv-dark-bg-color has-text-color has-medium-font-size\"><\/p>\n<\/div>\n<\/div>\n\n\n\n<p class=\"has-nv-dark-bg-color has-text-color has-medium-font-size\">1965-1966 : M. et Mme BARDOT vont consacrer 2 ans \u00e0 l\u2019animation du projet de cr\u00e9ation.1967 : La 1<sup>\u00e8re<\/sup> rentr\u00e9e d\u2019\u00e9l\u00e8ve a lieu en mars, avec un effectif assez important, dans les locaux de la municipalit\u00e9 du TAMPON.<\/p>\n\n\n\n<p class=\"has-nv-dark-bg-color has-text-color has-medium-font-size\">La MFR TAMPON est un \u00e9tablissement scolaire priv\u00e9&nbsp; sous contrat du Minist\u00e8re de l\u2019Agriculture qui a connu une \u00e9volution de structures depuis sa construction \u00e0 nos jours. Ses 1\u00e8res formations \u00e9taient \u00e0 consonance agricole avec&nbsp; le Brevet Apprentissage Agricole ou le BEPA ARC (Agriculture des R\u00e9gions Chaudes). Elle a d\u00fb tr\u00e8s vite \u00e9voluer afin de s\u2019adapter aux besoins du Milieu.<\/p>\n\n\n\n<div class=\"wp-block-columns is-layout-flex wp-container-core-columns-is-layout-9d6595d7 wp-block-columns-is-layout-flex\">\n<div class=\"wp-block-column is-layout-flow wp-block-column-is-layout-flow\">\n<figure class=\"wp-block-image size-large\"><img loading=\"lazy\" decoding=\"async\" width=\"1024\" height=\"1024\" src=\"http:\/\/rfcakqo.cluster031.hosting.ovh.net\/admin\/wp-content\/uploads\/2022\/03\/tampon-num-1024x1024.png\" alt=\"\" class=\"wp-image-178\" srcset=\"https:\/\/mfr-reunion.re\/wp-content\/uploads\/2022\/03\/tampon-num-1024x1024.png 1024w, https:\/\/mfr-reunion.re\/wp-content\/uploads\/2022\/03\/tampon-num-300x300.png 300w, https:\/\/mfr-reunion.re\/wp-content\/uploads\/2022\/03\/tampon-num-150x150.png 150w, https:\/\/mfr-reunion.re\/wp-content\/uploads\/2022\/03\/tampon-num-768x768.png 768w, https:\/\/mfr-reunion.re\/wp-content\/uploads\/2022\/03\/tampon-num.png 1080w\" sizes=\"auto, (max-width: 1024px) 100vw, 1024px\" \/><\/figure>\n<\/div>\n\n\n\n<div class=\"wp-block-column is-layout-flow wp-block-column-is-layout-flow\">\n<figure class=\"wp-block-gallery has-nested-images columns-default is-cropped wp-block-gallery-2 is-layout-flex wp-block-gallery-is-layout-flex\">\n<figure class=\"wp-block-image size-large\"><img loading=\"lazy\" decoding=\"async\" width=\"1024\" height=\"1024\" data-id=\"179\" src=\"http:\/\/rfcakqo.cluster031.hosting.ovh.net\/admin\/wp-content\/uploads\/2022\/03\/tel-tampon-1024x1024.jpg\" alt=\"\" class=\"wp-image-179\" srcset=\"https:\/\/mfr-reunion.re\/wp-content\/uploads\/2022\/03\/tel-tampon-1024x1024.jpg 1024w, https:\/\/mfr-reunion.re\/wp-content\/uploads\/2022\/03\/tel-tampon-300x300.jpg 300w, https:\/\/mfr-reunion.re\/wp-content\/uploads\/2022\/03\/tel-tampon-150x150.jpg 150w, https:\/\/mfr-reunion.re\/wp-content\/uploads\/2022\/03\/tel-tampon-768x768.jpg 768w, https:\/\/mfr-reunion.re\/wp-content\/uploads\/2022\/03\/tel-tampon-1536x1536.jpg 1536w, https:\/\/mfr-reunion.re\/wp-content\/uploads\/2022\/03\/tel-tampon.jpg 1600w\" sizes=\"auto, (max-width: 1024px) 100vw, 1024px\" \/><\/figure>\n<\/figure>\n<\/div>\n\n\n\n<div class=\"wp-block-column is-layout-flow wp-block-column-is-layout-flow\">\n<figure class=\"wp-block-gallery has-nested-images columns-default is-cropped wp-block-gallery-3 is-layout-flex wp-block-gallery-is-layout-flex\">\n<figure class=\"wp-block-image size-large\"><img loading=\"lazy\" decoding=\"async\" width=\"1024\" height=\"1024\" data-id=\"182\" src=\"http:\/\/rfcakqo.cluster031.hosting.ovh.net\/admin\/wp-content\/uploads\/2022\/03\/AD-1024x1024.jpg\" alt=\"\" class=\"wp-image-182\" srcset=\"https:\/\/mfr-reunion.re\/wp-content\/uploads\/2022\/03\/AD-1024x1024.jpg 1024w, https:\/\/mfr-reunion.re\/wp-content\/uploads\/2022\/03\/AD-300x300.jpg 300w, https:\/\/mfr-reunion.re\/wp-content\/uploads\/2022\/03\/AD-150x150.jpg 150w, https:\/\/mfr-reunion.re\/wp-content\/uploads\/2022\/03\/AD-768x768.jpg 768w, https:\/\/mfr-reunion.re\/wp-content\/uploads\/2022\/03\/AD-1536x1536.jpg 1536w, https:\/\/mfr-reunion.re\/wp-content\/uploads\/2022\/03\/AD.jpg 1600w\" sizes=\"auto, (max-width: 1024px) 100vw, 1024px\" \/><\/figure>\n<\/figure>\n<\/div>\n<\/div>\n","protected":false},"excerpt":{"rendered":"<p>La premi\u00e8re Maison Familiale Rurale \u00e0 la R\u00e9union 1964 A la demande du d\u00e9put\u00e9 M. Michel DEBRE (d\u00e9put\u00e9 de la pr\u00e9fecture et de la direction des services agricoles) M CHARPENTIER est envoy\u00e9 \u00e0 la R\u00e9union par l\u2019Union Nationale afin d\u2019\u00e9tudier les possibilit\u00e9s d\u2019implantation d\u2019une Maison Familiale. Apr\u00e8s \u00e9tudes et de nombreuses discussions avec des personnalit\u00e9s &hellip; <\/p>\n","protected":false},"author":1,"featured_media":0,"parent":0,"menu_order":0,"comment_status":"closed","ping_status":"closed","template":"","meta":{"footnotes":""},"class_list":["post-68","page","type-page","status-publish","hentry"],"yoast_head":"<!-- This site is optimized with the Yoast SEO plugin v18.1 - https:\/\/yoast.com\/wordpress\/plugins\/seo\/ -->\n<title>LE TAMPON - Les MFR DE LA REUNION<\/title>\n<meta name=\"robots\" content=\"index, follow, max-snippet:-1, max-image-preview:large, max-video-preview:-1\" \/>\n<link rel=\"canonical\" href=\"https:\/\/mfr-reunion.re\/index.php\/le-tampon\/\" \/>\n<meta property=\"og:locale\" content=\"fr_FR\" \/>\n<meta property=\"og:type\" content=\"article\" \/>\n<meta property=\"og:title\" content=\"LE TAMPON - Les MFR DE LA REUNION\" \/>\n<meta property=\"og:description\" content=\"La premi\u00e8re Maison Familiale Rurale \u00e0 la R\u00e9union 1964 A la demande du d\u00e9put\u00e9 M. Michel DEBRE (d\u00e9put\u00e9 de la pr\u00e9fecture et de la direction des services agricoles) M CHARPENTIER est envoy\u00e9 \u00e0 la R\u00e9union par l\u2019Union Nationale afin d\u2019\u00e9tudier les possibilit\u00e9s d\u2019implantation d\u2019une Maison Familiale. Apr\u00e8s \u00e9tudes et de nombreuses discussions avec des personnalit\u00e9s &hellip;\" \/>\n<meta property=\"og:url\" content=\"https:\/\/mfr-reunion.re\/index.php\/le-tampon\/\" \/>\n<meta property=\"og:site_name\" content=\"Les MFR DE LA REUNION\" \/>\n<meta property=\"article:modified_time\" content=\"2022-03-11T07:08:16+00:00\" \/>\n<meta property=\"og:image\" content=\"http:\/\/rfcakqo.cluster031.hosting.ovh.net\/admin\/wp-content\/uploads\/2022\/03\/entree-tampon.jpg\" \/>\n<meta name=\"twitter:card\" content=\"summary_large_image\" \/>\n<meta name=\"twitter:label1\" content=\"Dur\u00e9e de lecture estim\u00e9e\" \/>\n\t<meta name=\"twitter:data1\" content=\"2 minutes\" \/>\n<script type=\"application\/ld+json\" class=\"yoast-schema-graph\">{\"@context\":\"https:\/\/schema.org\",\"@graph\":[{\"@type\":\"WebSite\",\"@id\":\"https:\/\/mfr-reunion.re\/#website\",\"url\":\"https:\/\/mfr-reunion.re\/\",\"name\":\"Les MFR DE LA REUNION\",\"description\":\"\",\"potentialAction\":[{\"@type\":\"SearchAction\",\"target\":{\"@type\":\"EntryPoint\",\"urlTemplate\":\"https:\/\/mfr-reunion.re\/?s={search_term_string}\"},\"query-input\":\"required name=search_term_string\"}],\"inLanguage\":\"fr-FR\"},{\"@type\":\"ImageObject\",\"@id\":\"https:\/\/mfr-reunion.re\/index.php\/le-tampon\/#primaryimage\",\"inLanguage\":\"fr-FR\",\"url\":\"http:\/\/rfcakqo.cluster031.hosting.ovh.net\/admin\/wp-content\/uploads\/2022\/03\/entree-tampon.jpg\",\"contentUrl\":\"http:\/\/rfcakqo.cluster031.hosting.ovh.net\/admin\/wp-content\/uploads\/2022\/03\/entree-tampon.jpg\"},{\"@type\":\"WebPage\",\"@id\":\"https:\/\/mfr-reunion.re\/index.php\/le-tampon\/#webpage\",\"url\":\"https:\/\/mfr-reunion.re\/index.php\/le-tampon\/\",\"name\":\"LE TAMPON - Les MFR DE LA REUNION\",\"isPartOf\":{\"@id\":\"https:\/\/mfr-reunion.re\/#website\"},\"primaryImageOfPage\":{\"@id\":\"https:\/\/mfr-reunion.re\/index.php\/le-tampon\/#primaryimage\"},\"datePublished\":\"2022-02-14T13:47:27+00:00\",\"dateModified\":\"2022-03-11T07:08:16+00:00\",\"breadcrumb\":{\"@id\":\"https:\/\/mfr-reunion.re\/index.php\/le-tampon\/#breadcrumb\"},\"inLanguage\":\"fr-FR\",\"potentialAction\":[{\"@type\":\"ReadAction\",\"target\":[\"https:\/\/mfr-reunion.re\/index.php\/le-tampon\/\"]}]},{\"@type\":\"BreadcrumbList\",\"@id\":\"https:\/\/mfr-reunion.re\/index.php\/le-tampon\/#breadcrumb\",\"itemListElement\":[{\"@type\":\"ListItem\",\"position\":1,\"name\":\"Accueil\",\"item\":\"https:\/\/mfr-reunion.re\/\"},{\"@type\":\"ListItem\",\"position\":2,\"name\":\"LE TAMPON\"}]}]}<\/script>\n<!-- \/ Yoast SEO plugin. -->","yoast_head_json":{"title":"LE TAMPON - Les MFR DE LA REUNION","robots":{"index":"index","follow":"follow","max-snippet":"max-snippet:-1","max-image-preview":"max-image-preview:large","max-video-preview":"max-video-preview:-1"},"canonical":"https:\/\/mfr-reunion.re\/index.php\/le-tampon\/","og_locale":"fr_FR","og_type":"article","og_title":"LE TAMPON - Les MFR DE LA REUNION","og_description":"La premi\u00e8re Maison Familiale Rurale \u00e0 la R\u00e9union 1964 A la demande du d\u00e9put\u00e9 M. Michel DEBRE (d\u00e9put\u00e9 de la pr\u00e9fecture et de la direction des services agricoles) M CHARPENTIER est envoy\u00e9 \u00e0 la R\u00e9union par l\u2019Union Nationale afin d\u2019\u00e9tudier les possibilit\u00e9s d\u2019implantation d\u2019une Maison Familiale. Apr\u00e8s \u00e9tudes et de nombreuses discussions avec des personnalit\u00e9s &hellip;","og_url":"https:\/\/mfr-reunion.re\/index.php\/le-tampon\/","og_site_name":"Les MFR DE LA REUNION","article_modified_time":"2022-03-11T07:08:16+00:00","og_image":[{"url":"http:\/\/rfcakqo.cluster031.hosting.ovh.net\/admin\/wp-content\/uploads\/2022\/03\/entree-tampon.jpg"}],"twitter_card":"summary_large_image","twitter_misc":{"Dur\u00e9e de lecture estim\u00e9e":"2 minutes"},"schema":{"@context":"https:\/\/schema.org","@graph":[{"@type":"WebSite","@id":"https:\/\/mfr-reunion.re\/#website","url":"https:\/\/mfr-reunion.re\/","name":"Les MFR DE LA REUNION","description":"","potentialAction":[{"@type":"SearchAction","target":{"@type":"EntryPoint","urlTemplate":"https:\/\/mfr-reunion.re\/?s={search_term_string}"},"query-input":"required name=search_term_string"}],"inLanguage":"fr-FR"},{"@type":"ImageObject","@id":"https:\/\/mfr-reunion.re\/index.php\/le-tampon\/#primaryimage","inLanguage":"fr-FR","url":"http:\/\/rfcakqo.cluster031.hosting.ovh.net\/admin\/wp-content\/uploads\/2022\/03\/entree-tampon.jpg","contentUrl":"http:\/\/rfcakqo.cluster031.hosting.ovh.net\/admin\/wp-content\/uploads\/2022\/03\/entree-tampon.jpg"},{"@type":"WebPage","@id":"https:\/\/mfr-reunion.re\/index.php\/le-tampon\/#webpage","url":"https:\/\/mfr-reunion.re\/index.php\/le-tampon\/","name":"LE TAMPON - Les MFR DE LA REUNION","isPartOf":{"@id":"https:\/\/mfr-reunion.re\/#website"},"primaryImageOfPage":{"@id":"https:\/\/mfr-reunion.re\/index.php\/le-tampon\/#primaryimage"},"datePublished":"2022-02-14T13:47:27+00:00","dateModified":"2022-03-11T07:08:16+00:00","breadcrumb":{"@id":"https:\/\/mfr-reunion.re\/index.php\/le-tampon\/#breadcrumb"},"inLanguage":"fr-FR","potentialAction":[{"@type":"ReadAction","target":["https:\/\/mfr-reunion.re\/index.php\/le-tampon\/"]}]},{"@type":"BreadcrumbList","@id":"https:\/\/mfr-reunion.re\/index.php\/le-tampon\/#breadcrumb","itemListElement":[{"@type":"ListItem","position":1,"name":"Accueil","item":"https:\/\/mfr-reunion.re\/"},{"@type":"ListItem","position":2,"name":"LE TAMPON"}]}]}},"_links":{"self":[{"href":"https:\/\/mfr-reunion.re\/index.php\/wp-json\/wp\/v2\/pages\/68","targetHints":{"allow":["GET"]}}],"collection":[{"href":"https:\/\/mfr-reunion.re\/index.php\/wp-json\/wp\/v2\/pages"}],"about":[{"href":"https:\/\/mfr-reunion.re\/index.php\/wp-json\/wp\/v2\/types\/page"}],"author":[{"embeddable":true,"href":"https:\/\/mfr-reunion.re\/index.php\/wp-json\/wp\/v2\/users\/1"}],"replies":[{"embeddable":true,"href":"https:\/\/mfr-reunion.re\/index.php\/wp-json\/wp\/v2\/comments?post=68"}],"version-history":[{"count":4,"href":"https:\/\/mfr-reunion.re\/index.php\/wp-json\/wp\/v2\/pages\/68\/revisions"}],"predecessor-version":[{"id":183,"href":"https:\/\/mfr-reunion.re\/index.php\/wp-json\/wp\/v2\/pages\/68\/revisions\/183"}],"wp:attachment":[{"href":"https:\/\/mfr-reunion.re\/index.php\/wp-json\/wp\/v2\/media?parent=68"}],"curies":[{"name":"wp","href":"https:\/\/api.w.org\/{rel}","templated":true}]}}